80. What is r(69)?
-267
Let a(d) = -1305*d**2 - 6900*d + 10. Calculate a(-5).
1885
Let f(v) = -789*v + 1667. Calculate f(2).
89
Let k(r) = r**2 + 149*r + 4923. Calculate k(-50).
-27
Let t(k) = -k**3 - 18*k**2 - k + 130. Calculate t(3).
-62
Let i(t) = -t**2 + 1087*t + 4371. Determine i(-4).
7
Let y(d) = 4*d**2 - 195*d + 399. Give y(50).
649
Let i(w) = -w**2 + 38*w + 217. Give i(-25).
-1358
Let t(y) = 12109*y + 399548. Calculate t(-33).
-49
Let p(r) = -3439*r - 433357. Calculate p(-126).
-43
Let w(f) = 521*f - 17971. Give w(32).
-1299
Let n(o) = 21042*o - 3598190. Calculate n(171).
-8
Let x(d) = 8*d**3 + 235*d**2 + 229*d - 5. Determine x(-1).
-7
Let s(p) = 16773*p + 4008766. Determine s(-239).
19
Let t(m) = -41*m**2 + 2905*m - 8712. Give t(3).
-366
Let x(a) = 2*a**3 + 43*a**2 - 20*a - 175. Give x(-21).
686
Let b(z) = -1647*z + 958562. Give b(582).
8
Let l(z) = -9417*z - 3437210. What is l(-365)?
-5
Let u(g) = -14459*g - 289099. What is u(-20)?
81
Let u(r) = r**2 - 280*r - 13185. What is u(-41)?
-24
Let s(w) = w**3 + 16*w**2 - 11*w + 109. Determine s(-17).
7
Let j(g) = 2*g**2 + 8314*g - 49961. Calculate j(6).
-5
Let p(i) = -8161*i - 530425. Determine p(-65).
40
Let v(b) = 1910*b - 11563. Calculate v(6).
-103
Let v(g) = -21240*g + 1380664. Calculate v(65).
64
Let h(x) = 12980*x + 1895008. Give h(-146).
-72
Let w(v) = -265*v + 8253. Determine w(31).
38
Let m(d) = -922888*d - 3691544. Determine m(-4).
8
Let l(o) = -o**2 - 4813*o + 120991. Calculate l(25).
41
Let d(t) = 3549*t - 3458. What is d(1)?
91
Let b(q) = q**3 + 34*q**2 - 16*q - 387. What is b(-34)?
157
Let c(s) = -314*s + 7018. Calculate c(39).
-5228
Let j(o) = o**2 - 25*o - 14387. Calculate j(133).
-23
Let y(z) = 14*z**2 + 188*z - 1422. Calculate y(5).
-132
Let i(l) = -l**3 - 101*l**2 + 500*l + 69089. Calculate i(-99).
-13
Let u(w) = 4419*w - 22085. What is u(5)?
10
Let m(s) = -8918*s - 8952. What is m(-1)?
-34
Let d(x) = -137*x**3 + 2193*x**2 - 18*x + 26. Give d(16).
-6
Let l(z) = 5*z**2 + 313*z - 48. Determine l(-62).
-234
Let j(k) = -1554*k + 45079. Determine j(29).
13
Let o(a) = 8*a**2 + 702*a + 614. Determine o(-86).
-590
Let w(i) = 16*i**2 - 2814*i + 43168. Calculate w(17).
-46
Let h(d) = -d**2 - 227*d + 38686. Give h(-342).
-644
Let g(w) = 2155*w - 109913. What is g(51)?
-8
Let a(j) = -6481902*j + 2. What is a(0)?
2
Let t(p) = -2*p**3 + 22*p**2 + 87*p + 116. What is t(-8)?
1852
Let y(s) = s**2 + 4314*s + 192124. Calculate y(-45).
19
Let v(m) = m**3 + 10*m**2 - 90*m - 949. What is v(-9)?
-58
Let l(n) = 10*n**3 - 3282*n**2 + 622*n + 11148. Calculate l(328).
-4
Let g(r) = -400*r**2 - 7217*r - 164. What is g(-18)?
142
Let q(m) = -2*m**2 - 106*m - 155. What is q(-51)?
49
Let p(z) = -5*z**2 - 122*z + 43. Determine p(-26).
-165
Let l(j) = -15*j**3 + 111*j**2 + 3*j + 8. Calculate l(7).
323
Let o(x) = -5563*x - 55298. Determine o(-10).
332
Let y(z) = -10*z**2 - 207*z - 850. What is y(-4)?
-182
Let f(p) = p**3 - 242*p**2 + 15*p - 3632. Determine f(242).
-2
Let r(b) = -b**2 + 575*b - 12227. Give r(22).
-61
Let j(q) = 5934*q + 23742. What is j(-4)?
6
Let c(b) = -599*b + 23507. Determine c(39).
146
Let q(d) = -610*d + 70887. What is q(116)?
127
Let o(z) = -z**3 - 315*z**2 + 3601*z + 5856. Give o(-326).
966
Let s(c) = -c**2 - 324*c + 10639. Give s(30).
19
Let o(c) = c**3 + 22*c**2 - 132*c - 1070. Give o(-5).
15
Let g(n) = 31*n**2 - 30*n - 44. Determine g(-1).
17
Let j(p) = -6*p**2 - 49112*p - 735315. Determine j(-15).
15
Let m(q) = 2*q**3 + 92*q**2 - 60*q - 2767. Calculate m(-46).
-7
Let b(k) = k**3 + 42*k**2 - 49*k + 286. Determine b(-43).
544
Let r(n) = 2*n**3 + 171*n**2 - 89*n - 109. What is r(-86)?
149
Let h(n) = n**3 + 3*n**2 - 768*n - 749. What is h(27)?
385
Let h(k) = k**3 - 62*k**2 - 70*k - 72. Give h(63).
-513
Let b(v) = 7*v**2 + 826*v + 370. Determine b(-117).
-449
Let u(f) = -f**2 - 149*f - 4263. Give u(-121).
-875
Let n(u) = -3*u**3 + 16*u**2 - 350*u + 1591. Calculate n(5).
-134
Let i(f) = 28*f**2 - 105*f - 613. Give i(7).
24
Let t(l) = 381*l**2 + 726*l - 22. Determine t(-2).
50
Let t(d) = -652542*d + 4567784. Give t(7).
-10
Let r(w) = -17*w**2 + 295*w - 1885. What is r(6)?
-727
Let y(i) = 5385*i + 328550. Calculate y(-61).
65
Let p(t) = 10*t**2 - 15563*t - 31131. Give p(-2).
35
Let a(k) = -5*k**2 - 74253*k - 222755. What is a(-3)?
-41
Let o(y) = 9292*y + 436756. Determine o(-47).
32
Let m(s) = 3447*s + 97. What is m(0)?
97
Let a(o) = -232*o**3 - 929*o**2 - 174*o - 686. What is a(-4)?
-6
Let l(y) = -4200*y**3 - 109*y**2 + 173*y - 65. Give l(1).
-4201
Let h(b) = 3*b**3 + 761*b**2 - 1011*b + 2482. Give h(-255).
187
Let n(j) = -729*j**2 - 13134*j - 217. Give n(-18).
-1
Let r(l) = 326186*l - 3261825. Give r(10).
35
Let q(i) = 26*i**2 + 9774*i + 9070. Calculate q(-375).
70
Let d(j) = 6020*j - 1017367. Give d(169).
13
Let s(c) = c**3 - 371*c**2 + 325*c - 259299. Determine s(372).
-15
Let u(b) = 306*b**2 + 2753*b + 11. Determine u(-9).
20
Let a(z) = 386*z - 13140. What is a(34)?
-16
Let x(h) = -164*h + 2360. Calculate x(-9).
3836
Let f(j) = -2*j**3 - 93*j**2 - 114*j - 7848. Calculate f(-47).
-281
Let x(o) = -28604*o - 86. Give x(0).
-86
Let j(k) = -14*k**2 + 564*k - 161. Calculate j(40).
-1
Let t(w) = -w**3 + 124*w**2 + 243*w + 1108. Calculate t(126).
-26
Let r(g) = g**3 - 238*g**2 - 2*g - 124. Determine r(238).
-600
Let d(w) = 19*w**3 + 477*w**2 - 35*w - 2106. Give d(-25).
19
Let y(a) = 15656*a - 1299448. What is y(83)?
0
Let x(t) = -59*t**2 + 985*t - 3928. Calculate x(10).
22
Let b(r) = 3*r**3 + 93*r**2 - 283*r + 781. What is b(-34)?
-1
Let h(w) = -5884*w - 865150. Calculate h(-147).
-202
Let s(q) = 10*q**2 - 150*q - 2196. Give s(-12).
1044
Let l(h) = -47*h**2 - 3653*h - 128. Determine l(-78).
-1142
Let w(a) = -1839*a**3 - 22067*a**2 + 44*a + 389. Determine w(-12).
5
Let x(c) = -544*c + 1191. Calculate x(2).
103
Let o(r) = 35*r**2 - 144*r - 721. What is o(-5)?
874
Let y(v) = -45*v**2 + 1940*v + 70. Calculate y(42).
2170
Let g(u) = u**3 + 177*u**2 + 4528*u + 304. Give g(-146).
12
Let z(j) = 217*j + 5473. Determine z(6).
6775
Let f(j) = -j**3 + 12*j**2 + 204*j - 2262. Determine f(16).
-22
Let t(d) = 6208*d + 161411. Calculate t(-26).
3
Let d(x) = -2*x**2 + 83*x - 614. What is d(31)?
37
Let c(t) = -53*t**3 + t**2 - 43*t + 44. Give c(1).
-51
Let h(z) = -z**3 + 84*z**2 + 231*z - 5059. Give h(86).
15
Let g(f) = 168*f - 2358. What is g(4)?
-1686
Let v(l) = -38161*l - 839554. What is v(-22)?
-12
Let t(w) = 3*w**3 + 669*w**2 - 7424*w - 38. What is t(11)?
3240
Let d(s) = s**2 + 56*s - 463. Give d(9).
122
Let v(q) = 10*q**3 - 2*q**2 - 319*q + 979. Give v(3).
274
Let v(u) = -6*u**3 + 3*u**2 - 2*u - 14. What is v(5)?
-699
Let r(d) = 85*d**2 + 59321*d - 6292. Determine r(-698).
-10
Let p(t) = -3*t**3 - t**2 + 41*t - 62. What is p(0)?
-62
Let l(n) = -37245*n - 1936783. Determine l(-52).
-43
Let y(v) = -6*v**3 + 243*v**2 - 44*v + 6806. Give y(41).
-41
Let t(y) = -509*y**3 - 4072*y**2 - 90*y - 729. What is t(-8)?
-9
Let j(q) = -10736*q - 21565. Calculate j(-2).
-93
Let g(r) = 3*r**2 + 598*r - 156691. Give g(-349).
10
Let y(l) = -l**3 - 12*l**2 + 129*l - 531. Calculate y(-21).
729
Let k(d) = -d**2 + 551*d - 6458. Calculate k(12).
10
Let l(v) = -v**3 + 6*v**2 - 83*v + 615. What is l(7)?
-15
Let m(v) = -23*v**2 - 9909*v + 31679. What is m(-434)?
-3
Let p(f) = -f**3 + 9191*f**2 + 1849435*f - 241. What is p(-197)?
-44
Let r(l) = -l**3 + 13*l**2 + 637*l - 6718. Calculate r(10).
-48
Let k(y) = -y**3 - 107*y**2 + 1823*y - 868. Give k(-122).
-14
Let q(w) = -4*w**3 + 12*w**2 + 39*w - 125. What is q(2)?
-31
Let o(g) = -g**2 + 26643*g + 5206370. What is o(-194)?
-8
Let n(p) = -3*p**2 - 229*p + 6325. Give n(21).
193
Let t(n) = n**3 - 312*n**2 - 1614*n + 9198. Determine t(317).
5
Let c(p) = -83026*p + 664227. What is c(8)?
19
Let l(q) = -54*q - 5787. What is l(-111)?
207
Let n(i) = -5890*i - 324390. Calculate n(-55).
-440
Let x(m) = m**3 - 145*m**2 + 2867*m + 15947. Calculate x(120).
-13
Let c(h) = h**3 - 913*h**2 + 3631*h - 13. What is c(4)?
-33
Let s(a) = a**3 + 125*a**2 + 1191*a + 3. Calculate s(-10).
-407
Let o(w) = 4*w**3 - 74*w**2 - 52*w - 8. Give o(19).
-274
Let l(f) = -f**3 + 19*f**2 + 121*f - 430. Determine l(24).
-406
Let c(o) = -4*o**3 - 8*o**2 + 6013*o + 42021. Determine c(-7).
910
Let m(o) = -o**3 - 6*o*